{"id":9104,"date":"2023-03-21T20:00:20","date_gmt":"2023-03-21T20:00:20","guid":{"rendered":"http:\/\/bioplagas.srtv.cl\/?page_id=9104"},"modified":"2024-02-09T09:45:01","modified_gmt":"2024-02-09T12:45:01","slug":"empresa","status":"publish","type":"page","link":"https:\/\/camousseight.cl\/index.php\/empresa\/","title":{"rendered":"Nosotros"},"content":{"rendered":"<div class=\"wpb-content-wrapper\"><section class=\"l-section wpb_row height_auto\"><div class=\"l-section-h i-cf\"><div class=\"g-cols vc_row via_grid cols_1 laptops-cols_inherit tablets-cols_inherit mobiles-cols_1 valign_top type_default stacking_default\"><div class=\"wpb_column vc_column_container\"><div class=\"vc_column-inner\"><div class=\"w-separator size_medium\"><\/div><div class=\"w-separator size_medium\"><\/div><div class=\"w-separator size_medium\"><\/div><div class=\"w-separator size_medium\"><\/div><h1 class=\"w-text us_custom_3588fe6b has_text_color\"><span class=\"w-text-h\"><span class=\"w-text-value\">NOSOTROS<\/span><\/span><\/h1><\/div><\/div><\/div><\/div><\/section><section class=\"l-section wpb_row height_custom\"><div class=\"l-section-h i-cf\"><div class=\"g-cols vc_row via_grid cols_1-3 laptops-cols_inherit tablets-cols_inherit mobiles-cols_1 valign_top type_default stacking_default\"><div class=\"wpb_column vc_column_container\"><div class=\"vc_column-inner\"><div class=\"w-image align_none\"><a href=\"https:\/\/camousseight.cl\/wp-content\/uploads\/2024\/02\/1-5.jpg\" ref=\"magnificPopup\" aria-label=\"Enlace\" class=\"w-image-h\"><img loading=\"lazy\" decoding=\"async\" width=\"600\" height=\"904\" src=\"https:\/\/camousseight.cl\/wp-content\/uploads\/2024\/02\/1-5.jpg\" class=\"attachment-large size-large\" alt=\"\" srcset=\"https:\/\/camousseight.cl\/wp-content\/uploads\/2024\/02\/1-5.jpg 600w, https:\/\/camousseight.cl\/wp-content\/uploads\/2024\/02\/1-5-199x300.jpg 199w\" sizes=\"(max-width: 600px) 100vw, 600px\" \/><\/a><\/div><div class=\"w-separator size_small\"><\/div><div class=\"w-slider style_none fit_scaledown\"><div class=\"w-slider-h\"><div class=\"royalSlider\"><div class=\"rsContent\"><a class=\"rsImg\" data-rsw=\"900\" data-rsh=\"506\" data-rsBigImg=\"https:\/\/camousseight.cl\/wp-content\/uploads\/2024\/02\/3-5.jpg\" href=\"https:\/\/camousseight.cl\/wp-content\/uploads\/2024\/02\/3-5.jpg\"><span data-alt=\"\"><\/span><\/a><\/div><div class=\"rsContent\"><a class=\"rsImg\" data-rsw=\"800\" data-rsh=\"500\" data-rsBigImg=\"https:\/\/camousseight.cl\/wp-content\/uploads\/2024\/02\/2-6.jpg\" href=\"https:\/\/camousseight.cl\/wp-content\/uploads\/2024\/02\/2-6.jpg\"><span data-alt=\"\"><\/span><\/a><\/div><div class=\"rsContent\"><a class=\"rsImg\" data-rsw=\"800\" data-rsh=\"500\" data-rsBigImg=\"https:\/\/camousseight.cl\/wp-content\/uploads\/2024\/02\/4-5.jpg\" href=\"https:\/\/camousseight.cl\/wp-content\/uploads\/2024\/02\/4-5.jpg\"><span data-alt=\"\"><\/span><\/a><\/div><div class=\"rsContent\"><a class=\"rsImg\" data-rsw=\"800\" data-rsh=\"500\" data-rsBigImg=\"https:\/\/camousseight.cl\/wp-content\/uploads\/2024\/02\/5-1.jpg\" href=\"https:\/\/camousseight.cl\/wp-content\/uploads\/2024\/02\/5-1.jpg\"><span data-alt=\"\"><\/span><\/a><\/div><\/div><img decoding=\"async\" src=\"https:\/\/camousseight.cl\/wp-content\/uploads\/2024\/02\/3-5.jpg\" width=\"900\" height=\"506\" alt loading=\"lazy\"><\/div><div class=\"w-slider-json\" onclick='return {&quot;loop&quot;:true,&quot;fadeInLoadedSlide&quot;:false,&quot;slidesSpacing&quot;:0,&quot;imageScalePadding&quot;:0,&quot;numImagesToPreload&quot;:2,&quot;arrowsNav&quot;:true,&quot;arrowsNavAutoHide&quot;:false,&quot;transitionType&quot;:&quot;move&quot;,&quot;transitionSpeed&quot;:250,&quot;block&quot;:{&quot;moveEffect&quot;:&quot;none&quot;,&quot;speed&quot;:300},&quot;controlNavigation&quot;:&quot;none&quot;,&quot;fullscreen&quot;:{&quot;enabled&quot;:true},&quot;imageScaleMode&quot;:&quot;fit-if-smaller&quot;,&quot;autoScaleSlider&quot;:true,&quot;autoScaleSliderWidth&quot;:900,&quot;autoScaleSliderHeight&quot;:506,&quot;fitInViewport&quot;:false}'><\/div><\/div><\/div><\/div><div class=\"wpb_column vc_column_container\"><div class=\"vc_column-inner\"><div class=\"wpb_text_column us_custom_f01a1f90\"><div class=\"wpb_wrapper\"><p>La presencia en el mercado por m\u00e1s de 35 a\u00f1os, dan muestra de la experiencia y solidez en conocimientos y profesionalismo, necesarios para atender exitosamente sus requerimientos y prestar soluciones \u00f3ptimas para su Empresa. Gracias al valor, tanto humano como profesional, resultante de a\u00f1os de estudios con centros de formaci\u00f3n en diversos pa\u00edses como Francia, Brasil, Alemania, entre otros.<\/p>\n<p>Estas son algunas de las razones por las cuales hemos sido por m\u00e1s de 15 a\u00f1os, Servicio T\u00e9cnico Autorizado de WEG Brasil en Chile, con la intenci\u00f3n de compartir conocimientos y prestar la ayuda necesaria para entregar excelencia en servicio.<\/p>\n<p>WEG es la mayor industria de motores de Am\u00e9rica Latina, est\u00e1 presente en m\u00e1s de 50 pa\u00edses en 5 continentes. Caracterizada por estar en la vanguardia en el uso de la tecnolog\u00eda en sus procesos productivos, permiti\u00e9ndole fabricar productos con patrones internacionales de calidad y productibilidad, gracias a esto cuenta con diferentes certificaciones otorgadas por diversas entidades internacionales, entre las que se destaca la Certificaci\u00f3n del Sistema de Calidad de acuerdo con las normas ISO serie 9001:2000 por parte de BVQI \u2013 Bureau Veritas Quality Internacional &#8211; las cuales constituyen un reconocimiento que contribuye a la difusi\u00f3n y credibilidad hacia toda la l\u00ednea de productos por nosotros distribuida.<\/p>\n<p>Tenemos disponible una amplia oferta de Motores El\u00e9ctricos, Automatizaci\u00f3n y Repuestos originales WEG, junto con una completa \u00e1rea de servicio y post-venta. Siguiendo las pol\u00edticas de nuestra empresa, de innovaci\u00f3n y calidad, hemos implementado el servicio de Balanceo Din\u00e1mico Industrial. Para ello hemos adquirido en Brasil una m\u00e1quina Hofmann HL-20.1 que incluye una unidad Electr\u00f3nica Dynabal Millenium, desarrollada especialmente para el mercado nacional. Hemos balanceado piezas rot\u00f3ricas para diferentes rubros, tales como: miner\u00eda, ventilaci\u00f3n y refrigeraci\u00f3n industrial, etc.<\/p>\n<p>Nuestra intenci\u00f3n no es ser un proveedor de productos y servicios, sino un aliado estrat\u00e9gico de sus procesos productivos y as\u00ed cumplir con nuestro principal objetivo: Entregar Soluciones Industriales.<\/p>\n<p>Para su mayor comodidad hemos construido nuevas oficinas dentro de nuestras instalaciones, las cuales estamos pr\u00f3ximos a inaugurar. Lo esperamos.<\/p>\n<\/div><\/div><\/div><\/div><\/div><\/div><\/section><section class=\"l-section wpb_row height_small\"><div class=\"l-section-h i-cf\"><div class=\"g-cols vc_row via_grid cols_1 laptops-cols_inherit tablets-cols_inherit mobiles-cols_1 valign_top type_default stacking_default\"><div class=\"wpb_column vc_column_container\"><div class=\"vc_column-inner\"><div class=\"w-video align_none ratio_16x9\"><div class=\"w-video-h\"><iframe title=\"Youtube video player\" src=\"\/\/www.youtube.com\/embed\/GPaN_Vv7GNw?origin=https:\/\/camousseight.cl&controls=1\" allowfullscreen=\"1\" loading=\"lazy\"><\/iframe><\/div><div class=\"w-video-icon\" style=\"font-size:1.5rem;background:rgba(0,0,0,0.5);color:#fff\"><\/div><\/div><div class=\"w-separator size_medium\"><\/div><\/div><\/div><\/div><\/div><\/section>\n<\/div>","protected":false},"excerpt":{"rendered":"NOSOTROSLa presencia en el mercado por m\u00e1s de 35 a\u00f1os, dan muestra de la experiencia y solidez en conocimientos y profesionalismo, necesarios para atender exitosamente sus requerimientos y prestar soluciones \u00f3ptimas para su Empresa. Gracias al valor, tanto humano como profesional, resultante de a\u00f1os de estudios con centros de formaci\u00f3n en diversos pa\u00edses como Francia,...","protected":false},"author":3,"featured_media":0,"parent":0,"menu_order":0,"comment_status":"closed","ping_status":"closed","template":"","meta":{"footnotes":""},"acf":[],"_links":{"self":[{"href":"https:\/\/camousseight.cl\/index.php\/wp-json\/wp\/v2\/pages\/9104"}],"collection":[{"href":"https:\/\/camousseight.cl\/index.php\/wp-json\/wp\/v2\/pages"}],"about":[{"href":"https:\/\/camousseight.cl\/index.php\/wp-json\/wp\/v2\/types\/page"}],"author":[{"embeddable":true,"href":"https:\/\/camousseight.cl\/index.php\/wp-json\/wp\/v2\/users\/3"}],"replies":[{"embeddable":true,"href":"https:\/\/camousseight.cl\/index.php\/wp-json\/wp\/v2\/comments?post=9104"}],"version-history":[{"count":13,"href":"https:\/\/camousseight.cl\/index.php\/wp-json\/wp\/v2\/pages\/9104\/revisions"}],"predecessor-version":[{"id":9539,"href":"https:\/\/camousseight.cl\/index.php\/wp-json\/wp\/v2\/pages\/9104\/revisions\/9539"}],"wp:attachment":[{"href":"https:\/\/camousseight.cl\/index.php\/wp-json\/wp\/v2\/media?parent=9104"}],"curies":[{"name":"wp","href":"https:\/\/api.w.org\/{rel}","templated":true}]}}