{"id":9416,"date":"2024-02-08T16:40:33","date_gmt":"2024-02-08T19:40:33","guid":{"rendered":"http:\/\/camousseight.cl\/?post_type=product&#038;p=9416"},"modified":"2024-02-09T12:37:18","modified_gmt":"2024-02-09T15:37:18","slug":"partidor-suave-weg-ssw-07","status":"publish","type":"product","link":"https:\/\/camousseight.cl\/index.php\/producto\/partidor-suave-weg-ssw-07\/","title":{"rendered":"PARTIDOR SUAVE WEG SSW-07"},"content":{"rendered":"<div class=\"wpb-content-wrapper\"><section class=\"l-section wpb_row height_auto width_full\"><div class=\"l-section-h i-cf\"><div class=\"g-cols vc_row via_grid cols_1 laptops-cols_inherit tablets-cols_inherit mobiles-cols_1 valign_top type_default stacking_default\"><div class=\"wpb_column vc_column_container\"><div class=\"vc_column-inner\"><div class=\"wpb_text_column\"><div class=\"wpb_wrapper\"><p>Los Arrancadores Suaves, SSW-07, son destinados a la aceleraci\u00f3n, desaceleraci\u00f3n y protecci\u00f3n de motores de inducci\u00f3n trif\u00e1sicos, a trav\u00e9s del control de la tensi\u00f3n aplicada al motor. Potencia de 6 Hp hasta 400 Hp.<\/p>\n<p>Los Arrancadores Suaves, Serie SSW-07, son equipos est\u00e1ticos de arranque, destinados a la aceleraci\u00f3n, desaceleraci\u00f3n y protecci\u00f3n de motores de inducci\u00f3n trif\u00e1sicos, a trav\u00e9s del control de la tensi\u00f3n aplicada al motor.<br \/>\nLos Arrancadores Suaves SSW-07, con control DSP &#8211; Digital Signal Processor, fueron proyectados para suministrar desempe\u00f1o en el arranque y parada de los motores con excelente relaci\u00f3n costo beneficio. Permitiendo f\u00e1cil ajuste, simplifica las actividades de puesta en marcha y operaci\u00f3n del d\u00eda a d\u00eda.<br \/>\nEl Arrancador Suave SSW-07 es compacto, contribuyendo para la optimizaci\u00f3n de los espacios en paneles el\u00e9ctricos y ya incorpora todas las protecciones para su motor el\u00e9ctrico.<\/p>\n<p><i>\u00a1Nota!: Los Arrancadores Suaves de la Serie SSW07 fueron proyectados exclusivamente para utilizaci\u00f3n industrial o profesional<\/i><\/p>\n<\/div><\/div><\/div><\/div><\/div><\/div><\/section>\n<\/div>","protected":false},"excerpt":{"rendered":"Los Arrancadores Suaves, SSW-07, son destinados a la aceleraci\u00f3n, desaceleraci\u00f3n y protecci\u00f3n de motores de inducci\u00f3n trif\u00e1sicos, a trav\u00e9s del control de la tensi\u00f3n aplicada al motor. Potencia de 6 Hp hasta 400 Hp. Los Arrancadores Suaves, Serie SSW-07, son equipos est\u00e1ticos de arranque, destinados a la aceleraci\u00f3n, desaceleraci\u00f3n y protecci\u00f3n de motores de inducci\u00f3n...","protected":false},"featured_media":9417,"template":"","meta":[],"product_cat":[144,146,113],"product_tag":[],"acf":[],"_links":{"self":[{"href":"https:\/\/camousseight.cl\/index.php\/wp-json\/wp\/v2\/product\/9416"}],"collection":[{"href":"https:\/\/camousseight.cl\/index.php\/wp-json\/wp\/v2\/product"}],"about":[{"href":"https:\/\/camousseight.cl\/index.php\/wp-json\/wp\/v2\/types\/product"}],"wp:featuredmedia":[{"embeddable":true,"href":"https:\/\/camousseight.cl\/index.php\/wp-json\/wp\/v2\/media\/9417"}],"wp:attachment":[{"href":"https:\/\/camousseight.cl\/index.php\/wp-json\/wp\/v2\/media?parent=9416"}],"wp:term":[{"taxonomy":"product_cat","embeddable":true,"href":"https:\/\/camousseight.cl\/index.php\/wp-json\/wp\/v2\/product_cat?post=9416"},{"taxonomy":"product_tag","embeddable":true,"href":"https:\/\/camousseight.cl\/index.php\/wp-json\/wp\/v2\/product_tag?post=9416"}],"curies":[{"name":"wp","href":"https:\/\/api.w.org\/{rel}","templated":true}]}}