{"id":9462,"date":"2024-02-08T17:03:24","date_gmt":"2024-02-08T20:03:24","guid":{"rendered":"http:\/\/camousseight.cl\/?post_type=product&#038;p=9462"},"modified":"2024-02-12T09:22:45","modified_gmt":"2024-02-12T12:22:45","slug":"placa-bornera-weg","status":"publish","type":"product","link":"https:\/\/camousseight.cl\/index.php\/producto\/placa-bornera-weg\/","title":{"rendered":"PLACA BORNERA WEG"},"content":{"rendered":"<div class=\"wpb-content-wrapper\"><section class=\"l-section wpb_row height_auto\"><div class=\"l-section-h i-cf\"><div class=\"g-cols vc_row via_grid cols_1 laptops-cols_inherit tablets-cols_inherit mobiles-cols_1 valign_top type_default stacking_default\"><div class=\"wpb_column vc_column_container\"><div class=\"vc_column-inner\"><div class=\"wpb_text_column\"><div class=\"wpb_wrapper\"><p style=\"text-align: justify;\">Las placas borneras se utilizan normalmente para permitir procedimientos de mantenimiento sencillos y r\u00e1pidos. Pero tienen tambi\u00e9n un papel importante proporcionando conexiones seguras y confiables para los terminales de alimentaci\u00f3n del motor.<\/p>\n<p style=\"text-align: justify;\">La placa bornera utilizada en los motores W22 tiene paredes que evitan la rotaci\u00f3n de los cables, asegurando una protecci\u00f3n extra contra el contacto accidental entre terminales. WEG tambi\u00e9n utiliza la misma placa bornera en m\u00e1quinas Ex-Proof.<\/p>\n<p style=\"text-align: justify;\">Los cables de los motores son numerados de acuerdo con la norma IEC 60034-8 y son armados en placas borneras fabricadas en BMC (Bulk Moulding Conpound) con base de resina de poli\u00e9ster reforzada con fibra de vidrio.<\/p>\n<div class=\"divtags\">\n<h1>Placa Borneara WEG<\/h1>\n<h1>Bornes WEG<\/h1>\n<h1>Conectores el\u00e9ctricos WEG<\/h1>\n<h1>Sistemas de conexi\u00f3n WEG<\/h1>\n<h1>Tablero el\u00e9ctrico WEG<\/h1>\n<h1>Distribuci\u00f3n el\u00e9ctrica WEG<\/h1>\n<h1>Accesorios el\u00e9ctricos WEG<\/h1>\n<h1>Componentes el\u00e9ctricos WEG<\/h1>\n<h1>Soluciones de conexi\u00f3n WEG<\/h1>\n<h1>Conexiones industriales WEG<\/h1>\n<h1>Bornes para circuitos el\u00e9ctricos WEG<\/h1>\n<h1>Montaje de bornes el\u00e9ctricos WEG<\/h1>\n<h1>Conexi\u00f3n segura de circuitos el\u00e9ctricos con WEG<\/h1>\n<h1>Tecnolog\u00eda de conexi\u00f3n WEG<\/h1>\n<h1>Productos de conexi\u00f3n el\u00e9ctrica WEG<\/h1>\n<h1>Soluciones de distribuci\u00f3n el\u00e9ctrica WEG<\/h1>\n<\/div>\n<\/div><\/div><\/div><\/div><\/div><\/div><\/section>\n<\/div>","protected":false},"excerpt":{"rendered":"Las placas borneras se utilizan normalmente para permitir procedimientos de mantenimiento sencillos y r\u00e1pidos. Pero tienen tambi\u00e9n un papel importante proporcionando conexiones seguras y confiables para los terminales de alimentaci\u00f3n del motor. La placa bornera utilizada en los motores W22 tiene paredes que evitan la rotaci\u00f3n de los cables, asegurando una protecci\u00f3n extra contra el...","protected":false},"featured_media":9463,"template":"","meta":[],"product_cat":[113,148],"product_tag":[],"acf":[],"_links":{"self":[{"href":"https:\/\/camousseight.cl\/index.php\/wp-json\/wp\/v2\/product\/9462"}],"collection":[{"href":"https:\/\/camousseight.cl\/index.php\/wp-json\/wp\/v2\/product"}],"about":[{"href":"https:\/\/camousseight.cl\/index.php\/wp-json\/wp\/v2\/types\/product"}],"wp:featuredmedia":[{"embeddable":true,"href":"https:\/\/camousseight.cl\/index.php\/wp-json\/wp\/v2\/media\/9463"}],"wp:attachment":[{"href":"https:\/\/camousseight.cl\/index.php\/wp-json\/wp\/v2\/media?parent=9462"}],"wp:term":[{"taxonomy":"product_cat","embeddable":true,"href":"https:\/\/camousseight.cl\/index.php\/wp-json\/wp\/v2\/product_cat?post=9462"},{"taxonomy":"product_tag","embeddable":true,"href":"https:\/\/camousseight.cl\/index.php\/wp-json\/wp\/v2\/product_tag?post=9462"}],"curies":[{"name":"wp","href":"https:\/\/api.w.org\/{rel}","templated":true}]}}